What is the remainder when q(r) is divided by w?
8
Let q(z) = 2*z**2 - 8*z + 17. Calculate the remainder when q(8) is divided by 21.
18
Suppose 0 = -4*b + 5*k, -2*k = -4*b - 2 + 14. Suppose 5 = b*n - 5. Suppose 3*w - x - n*x = 21, -4*x = -3*w + 21. Calculate the remainder when w is divided by 3.
1
Let b(d) = 2*d**2 - 4*d - 3. Suppose -5*c - 5 = -3*o, 2*o - 19 = -3*c - 3. Suppose 6*n - 6 = o*n. What is the remainder when b(n) is divided by 16?
13
Suppose -j - 2 = -2*j. Suppose -j*l - 13 = -127. Calculate the remainder when l is divided by 15.
12
Let f be (4/(-6))/((-1)/15). Let p be -3 - (5 + -2 - f). Suppose 0 = -3*k - 4*g + 57, -3*k - p*g + 27 = -2*k. Calculate the remainder when 43 is divided by k.
13
Calculate the remainder when 37 is divided by (11/33)/((-2)/(-120)).
17
Let y(i) = i**2 - 6*i + 5. Let m be y(5). What is the remainder when (1 + m)*14 + 0 is divided by 8?
6
Let u = -11 + 20. Suppose 0 = -6*y + 4*y + 16. Let x(d) = d**2 - 4*d + 3. What is the remainder when x(y) is divided by u?
8
Suppose -116 = -4*d + 2*c, 5*d = c + 3*c + 142. Calculate the remainder when d is divided by 17.
13
Suppose 76 = 5*z - 49. Suppose -z = -2*j + 9. Calculate the remainder when 49 is divided by j.
15
Suppose -4*b = -5 - 15. Suppose -4*j + 2*r = -124, 11 = 3*j - b*r - 68. What is the remainder when j is divided by 17?
16
Suppose -5*l = l - 126. What is the remainder when l is divided by 3?
0
Let u = 97 + -58. What is the remainder when u is divided by 21?
18
Let l(x) = 2*x**2 - 6*x**2 - 5 + 3*x**2 - 5*x**2 + x**3 + 4*x. Calculate the remainder when l(6) is divided by 8 + (1/(-1) - 0).
5
Let z(r) = -r**2 + 4*r + 11. Let n be z(6). Calculate the remainder when 19 is divided by (-7)/n - 0/4.
5
Let c = 252 - 180. What is the remainder when c is divided by 19?
15
Let g(v) = 15*v + 1. Calculate the remainder when 122 is divided by g(2).
29
Let q = -13 - -24. Calculate the remainder when 2/3 + (-58)/(-3) is divided by q.
9
Let u = 96 + -91. What is the remainder when 12 is divided by u?
2
What is the remainder when 14 is divided by 2*(-3 - 11/(-2))?
4
Suppose 2*y - 45 + 17 = 0. Suppose 4*w - 3*w + m = 4, y = w - m. Suppose w = j - 5. What is the remainder when 54 is divided by j?
12
Let i(f) = -f - 7. Let p(u) = -u**3 + 6*u**2 + 4*u + 7. Let l be p(7). What is the remainder when 32 is divided by i(l)?
4
Let l be ((-2)/2)/(5/1135). Calculate the remainder when l/(-5) + 18/30 is divided by 24.
22
Let w(r) = 6*r + 24. Let j = -2 + 25. What is the remainder when j is divided by w(-2)?
11
Suppose -2*h - 4 = -8. Suppose 4*q - h - 6 = 0. What is the remainder when 3 is divided by q?
1
Let t be (-4)/(-14) + (-855)/(-21). Suppose 5*i - 121 = -t. Suppose -4*q = -y + 19, 5*y - 4*y = q + i. What is the remainder when 57 is divided by y?
12
Let w be 2*(-6)/(-4) - -2. Let r(d) = -d**2 + 8*d - 9. Let p be r(7). Let i = p + w. What is the remainder when 7 is divided by i?
1
Calculate the remainder when 1/3 + 13/(39/56) is divided by 10.
9
Let k = 99 - 68. Suppose -r - 3*m = -2*m - 53, 0 = 5*r - 3*m - 289. Let c = r - k. What is the remainder when c is divided by 13?
12
Suppose -46 = 4*c + 18. Let w = -3 - c. Calculate the remainder when 38 is divided by w.
12
Suppose -3*b - 4*x = -5*x - 15, x + 23 = 5*b. Suppose 83 + 65 = b*d. What is the remainder when d is divided by 13?
11
Calculate the remainder when 33 is divided by (-6 - -2)*(315/(-10))/7.
15
Let a = -11 - -78. What is the remainder when a is divided by 17?
16
Let n be 18/(-8)*40/(-2). Suppose 4*b + n = 157. Suppose -2*w - 1 + 39 = 4*h, 4*w = -2*h + 16. Calculate the remainder when b is divided by h.
8
Let g = -91 + 100. What is the remainder when 41 is divided by g?
5
Suppose -2*i = -5 - 25. What is the remainder when 59 is divided by i?
14
Suppose -4*i + 152 = 5*o, 5*i + 5*o - 145 = 40. Calculate the remainder when i is divided by 9.
6
Let s be (-3)/(-3) + 8*1. Let y be (-4)/(-18) - 2/s. Suppose y = 3*r + 2*c - 28, -3*r = 3*c + 13 - 37. What is the remainder when 22 is divided by r?
10
Let c be (-1)/(3 - 444/147). Suppose c = v - 74. Suppose q - v = -3*n, n - 6*n + 4*q + 205 = 0. Calculate the remainder when n is divided by 11.
8
Suppose 61*y + 615 = 66*y. Let d be (-4)/(-6)*(-1 - 113). Let g = y + d. Calculate the remainder when g is divided by 16.
15
Let s(d) = -3*d**2 + 24*d - 7. Calculate the remainder when 110 is divided by s(7).
12
Suppose 0*z = 5*t - z - 35, z - 5 = 0. Calculate the remainder when 42 is divided by t.
2
Suppose -5*p = 0, 4*k - 21 = p - 5. Suppose 31 = 2*u + 5. Suppose 0 = -4*r + u - 1. What is the remainder when k is divided by r?
1
Suppose 30 - 4 = 2*b. What is the remainder when b is divided by 5?
3
Let n = -3 - -1. Let l be n/3*6*-1. Calculate the remainder when 2 is divided by (-20)/(-9) + l/(-18).
0
Let d(x) be the second derivative of x**5/20 + 5*x**4/12 - 4*x**3/3 - 9*x**2/2 - x. What is the remainder when 4 is divided by d(-6)?
1
Let g(r) = r - 4. Let b be g(10). Calculate the remainder when 55 - 2/((-4)/b) is divided by 15.
13
Let j = 0 + 11. Let r(m) = 22*m - 1. Calculate the remainder when r(1) is divided by j.
10
Suppose -4*c = 1 - 33. What is the remainder when 15 is divided by c?
7
Suppose -2*g + 63 = -3. Calculate the remainder when g is divided by (-147)/(-9) + 16/24.
16
Let t = -6 - -136. Calculate the remainder when t is divided by 34.
28
Let r(t) = t + 11. Let d be r(-8). Suppose 44 = d*u + 4*s, -2*u + 0*s + 6 = -2*s. Calculate the remainder when 13 is divided by u.
5
Let z be (-34)/(-8) - 3/12. Suppose -4*v - z*q - 4 = 0, -6 = v - 0*q + 2*q. Calculate the remainder when (-5)/20 + 173/v is divided by 11.
10
Suppose -4*z + 2*w + 10 = 0, 4*w - 5 = -w. What is the remainder when 34 is divided by (z/(-6))/(2/(-48))?
10
Let s = 207 - 200. Let m(q) = 4*q**3 - 2*q**2 + 2. Let r be m(2). Suppose -v = v - r. Calculate the remainder when v is divided by s.
6
Let a = -161 - -225. Let r(b) = 15*b + 3. Let i(u) = -8*u - 1. Let p(d) = -10*i(d) - 6*r(d). What is the remainder when a is divided by p(-3)?
20
Let r = -150 + 218. Let h = 96 - r. What is the remainder when h is divided by 15?
13
Suppose 57 = 5*o - 4*m, -2*m - 33 = 2*o - 5*o. What is the remainder when 41 is divided by o?
5
Let k = -88 - -125. What is the remainder when k is divided by 19?
18
Suppose 0 = 5*m - h - 26, 23 = 2*m + 5*h - 9. Let s be ((-24)/(-9))/(m/9). Suppose 2*i - s*i = a - 6, -4*a = 8. What is the remainder when i is divided by 3?
1
Suppose -10*r = -9*r - 3. Let x(n) = 6*n - 3. What is the remainder when (7/3)/((-2)/(-24)) is divided by x(r)?
13
Let v = -9 + 38. What is the remainder when v is divided by 11?
7
Let t be 1/(-2) - 99/(-6). Suppose 2*n = -4*o - 26, o - t = n + 2*o. Let x = -9 - n. What is the remainder when 19 is divided by x?
9
Suppose v - 21 = k, 3 = -2*k + 13. What is the remainder when 36 is divided by (v/8)/((-6)/(-24))?
10
Suppose -2*c + 0*c + 130 = 0. Suppose 0 = 4*b - 136 + 48. What is the remainder when c is divided by b?
21
Suppose -19 = f - 3*z, -3*f - z - 90 - 17 = 0. Let x = -23 + 14. What is the remainder when (-2)/x + f/(-9) is divided by 3?
1
Let t(l) = -l**2 + 1. Let f = 2 + -1. Let g be t(f). Suppose 4*s - 65 + 17 = g. Calculate the remainder when s is divided by 7.
5
Let w(i) = 3*i + 35. Calculate the remainder when 294 is divided by w(8).
58
Let y = 9 - -7. What is the remainder when 93 is divided by y?
13
Suppose -4*z + 34 = -70. Calculate the remainder when z is divided by 15.
11
Let x = 54 + -53. Calculate the remainder when 4 is divided by x.
0
Suppose -4*w - 16 = -3*d - 166, 0 = w + 2*d - 32. Suppose -3*a + w = 2*u, 2*u - 21 = 2*a - 5. Calculate the remainder when 47 is divided by u.
11
Let y = -20 + 22. Calculate the remainder when y is divided by 1.
0
Let y = 20 - 19. Calculate the remainder when 2 is divided by y.
0
Suppose 5*a = 0, -5*p - 4*a - 3 = -2*p. Let t(u) = -8*u - 1. Calculate the remainder when 12 is divided by t(p).
5
Calculate the remainder when (-2)/(-5 + (-986)/(-198)) is divided by 25.
24
Let x = -16 - -50. Calculate the remainder when x is divided by 6.
4
Let v = 25 + 10. What is the remainder when 68 is divided by v?
33
Calculate the remainder when (0 + (1 - -14))/1 is divided by 9.
6
Let g(u) = u - 3. Let b be g(6). Suppose -b*w + w = -6. Let k = -1 -